
Let v(n) = -2*n**3 - 16*n**2 + 61*n + 51. What are the prime factors of v(-19)?
2, 3, 17, 67
Suppose 0 = 3*o - v - 22133, 188*o + 4*v = 184*o + 29548. What are the prime factors of o?
2, 3, 5, 41
Suppose -4*d + 3*c = -68, 4*d - 91 = c - 31. Suppose d*h + 2*h = -112. What are the prime factors of (-15)/(-35) - 1502/h?
5, 43
Let n(j) = -j**3 - 5*j**2 - 13*j + 13. Let s(o) = -o**3 - 4*o**2 - 14*o + 14. Let i(v) = -4*n(v) + 3*s(v). List the prime factors of i(-6).
2
Suppose -3*g = -4*c + 1 + 3, 2*g + 12 = 5*c. Suppose 0 = -5*p - 15, g*z + 0*p - 478 = -2*p. What are the prime factors of z?
11
Suppose 25 = -3*g + 8*g. Suppose -2*v = 2*r - 3 - g, -3*v = -5*r + 28. Suppose -5*h - 193 - 72 = -4*s, r*s - 323 = -2*h. What are the prime factors of s?
5, 13
What are the prime factors of 1/(-5) + 4/(-10) - (-123219485)/6725?
2, 9161
Let p = 13633 - 4789. List the prime factors of p.
2, 3, 11, 67
Let b(l) = -2473*l + 1809. What are the prime factors of b(-20)?
167, 307
Let i = 137 + 241. Suppose 371*v - i*v + 6874 = 0. List the prime factors of v.
2, 491
Suppose 0*f = -3*f + 12, 3*x - 5*f + 35 = 0. Let b(t) = 81*t + 16. Let a be b(x). Let r = -222 - a. What are the prime factors of r?
167
Let u(t) = -40*t**2 + t + 25*t**2 - 1 + 19*t**2. Let z be u(1). Suppose f = -z*k + 263, 4*f - 435 + 109 = -5*k. List the prime factors of k.
2, 3, 11
Let f be 3/5 - 48/(-20)*1. Suppose 4*z - 104 = -b + 91, -5*z = -f*b - 265. Suppose -10 = 2*j, -w + 0*j = -2*j - z. List the prime factors of w.
2, 5
Let w = -139 - -157. Suppose -w*h - 3495 = -33*h. List the prime factors of h.
233
List the prime factors of (672/18)/(-14)*-3 + 23865.
23873
Let a(b) = 39*b**2 - 37*b + 3. Let p be a(1). Suppose 0 = -o + 2*y + 13, -o - 3*o + 5*y = -37. List the prime factors of 10 + p - (-9)/o.
2, 3
Let j = -325 + 245. What are the prime factors of ((-8)/(j/(-786)))/((-2)/10)?
3, 131
Suppose 5*x + 5*h = 9*x - 7, -14 = -3*x + 2*h. Suppose x*n - 6*n = -5*i + 704, 5*n = 4*i + 1694. What are the prime factors of n?
2, 3, 19
Let q be (33*3)/(8/(-104)). Let v = q + 2182. Suppose 0 = -10*r + 5*r + v. What are the prime factors of r?
179
Suppose -q = 5*g - 26701, 5*q - 148803 + 15406 = 2*g. What are the prime factors of q?
26681
List the prime factors of ((-48)/(-5))/((-48737)/8125 - -6).
2, 3, 5
Let r(h) = h**3 - 6*h**2 - 17*h + 8. Let n be r(8). Suppose 5*a = -5*g - 222 + 2387, g - 5*a - 409 = n. List the prime factors of g.
3, 11, 13
Let c(k) = -430*k - 60. Let g be c(-4). Suppose 0 = d - x - 833, -2*d = -4*x - x - g. List the prime factors of d.
5, 167
Let s(c) = -57*c - 220. Suppose 5*l - 51 = 4*t, t - 4*l = 1 - 11. What are the prime factors of s(t)?
2, 17
Let n(h) = 3*h**3 - 33*h**2 - 58*h + 281. List the prime factors of n(23).
3, 1999
Let t = 320 + -837. Let m = t - -1148. List the prime factors of m.
631
Let l = 1 - 3. Suppose -15 = 5*t + s, t - 5*s = 585 - 588. List the prime factors of 0*(l + -1)/t + 92.
2, 23
List the prime factors of (0 - 92812/(-12))*(3 + 0/(-5)).
23203
Let v = 13553 + -9348. What are the prime factors of v?
5, 29
Suppose -85*p = 189*p - 2416406. List the prime factors of p.
8819
Suppose 2*k - 4*n = 18090, 17*k - 19*k + 2*n = -18100. What are the prime factors of k?
5, 1811
Suppose 37*o - 32*o + 4*i - 3 = 0, -11 = 3*o - 4*i. Let v be (-2)/4 - (-572)/8. What are the prime factors of (v + 24)/((o - -1) + 1)?
5, 19
Let r = -16 - -15. List the prime factors of 1*169 + r + -1.
167
Let m be -6 + 3 + 4 - -4. Suppose -2*l + m*l = 171. Let a = 97 - l. What are the prime factors of a?
2, 5
Let t = -40 + 41. Let l be 6*(t - (-5)/(-10)). Suppose 3*z + l*z - 144 = 0. What are the prime factors of z?
2, 3
Let f(v) = 96*v + 156. Let k be f(-8). Let j = 1082 + k. What are the prime factors of j?
2, 5, 47
List the prime factors of ((-10)/6)/(410/806265)*(-72)/10.
2, 3, 19, 23
Let c(a) = -20209*a + 82. What are the prime factors of c(-1)?
103, 197
Suppose t = -4*s + 25 - 9, 5*s + 3*t = 27. Suppose 3*l + 51 = 4*g - 65, 5*g = -5*l - 240. List the prime factors of s*1 + (-5 - l).
2, 3, 7
Let f(v) = -v**3 - 10*v**2 - 2*v + 45. Let o be f(-9). Let a = o - -62. What are the prime factors of a?
2, 11
Let g = 23816 + -15635. What are the prime factors of g?
3, 101
Let c = -1 - -3. Let n = 13811 + -13807. Suppose -3*d + 0*d + 328 = 4*t, c*t = -n*d + 454. List the prime factors of d.
2, 29
Let b(o) = -o**3 + 8*o**2 + 22*o + 7. Let j be b(10). Let q(m) = 6*m + 7. Let g be q(5). Let x = g + j. List the prime factors of x.
2
Let z = -23611 + 45059. What are the prime factors of z?
2, 7, 383
Let t = -59212 + 106175. List the prime factors of t.
7, 6709
Suppose 3*j - 183699 = 3*a, -2*j - 5*a + 113153 = -9278. What are the prime factors of j?
2, 15307
Let f(w) be the first derivative of 3/2*w**2 + 10 + 3*w. List the prime factors of f(3).
2, 3
What are the prime factors of (30/28 - 1) + 2586902/644?
3, 13, 103
Let p(t) = -16*t**2 + 110*t - 49. Let l(w) = 6*w**2 - 37*w + 16. Let g(z) = 11*l(z) + 4*p(z). List the prime factors of g(-29).
3, 5, 47
Let x = -60446 + 141513. What are the prime factors of x?
7, 37, 313
Let z(l) be the first derivative of -l**4/4 - 2*l**3/3 + 3*l**2 + 2*l + 6. Let w be z(-4). Suppose 426 = -4*p + w*p. List the prime factors of p.
71
Let p(c) = -c**2 + 4*c + 150. Let v be p(-9). What are the prime factors of 4923/v + -2 + (-16)/88?
3, 7
Let p = 1262 + -43. Suppose -2*q + 1048 = -3*b, -p = -5*q - 4*b + 1401. List the prime factors of q.
2, 131
Suppose 17 = -4*h - 2*p + 61, 0 = 2*h - 4*p - 2. Suppose -h*o = -41*o + 61984. List the prime factors of o.
13, 149
List the prime factors of ((-10)/25)/((-8)/861040).
2, 47, 229
Let l(f) = -14*f**3 - 10*f**3 + 25*f**3 + 2 - f**2 - 5*f. Let m be l(3). Suppose m*t + 4*z - 784 = -0*t, 152 = t - 4*z. List the prime factors of t.
2, 3, 13
Suppose f = -4*k - k + 670, -4*f - 20 = 0. Suppose 4*o - 262 = 2*z, 4*o - 2*o - k = -3*z. Suppose 4*q - q = -3*r + o, 41 = 2*q + r. List the prime factors of q.
19
Suppose -o - 3768 = -5*b, 2*o - 1174 - 1092 = -3*b. Suppose -b = -2*m - 2*x, 0*m - m = 5*x - 393. List the prime factors of m.
373
Let t(i) = -i**2 - i + 35. Let z be t(-6). Let y be 1*z - (-6 - -9). Suppose -4*j - 2*p = -6*p - 736, -y*p + 196 = j. List the prime factors of j.
2, 47
Let g = 7727 + 12408. List the prime factors of g.
5, 4027
Let a be (-2)/2 + 9 + 3. Let v(k) = k**3 - 16*k**2 - 68*k - 240. Let u be v(20). Suppose u = -a*o + 2363 + 112. What are the prime factors of o?
3, 5
List the prime factors of ((-9 + 11)*-807)/(2/(-11)).
3, 11, 269
Let k = 34 - 8. Suppose -5*a = l - 588, 2*a - 2*l = 106 + 134. Suppose -a = k*n - 28*n. List the prime factors of n.
59
Suppose 2*c + n = -12 + 3, 5*c - 2*n = -9. Let s be c + (-2)/(-6) + 438/9. Suppose -5*i + 4*i = -s. List the prime factors of i.
2, 23
Let f(x) be the third derivative of -7*x**4/12 + 3*x**3/2 - 230*x**2 + x. Let h be 0 - (-2 + 4) - 3. What are the prime factors of f(h)?
79
Let j = 2410 - 1372. Suppose -994*g = -992*g - j. List the prime factors of g.
3, 173
Let o(k) = -7*k + 147. Let y be o(21). Suppose y = 18*t - 3810 - 2976. List the prime factors of t.
13, 29
Suppose 84964 = 138*l - 477630 - 22112. List the prime factors of l.
19, 223
Suppose 43*t = 31*t + 12768. Suppose -c - 151 = -t. What are the prime factors of c?
11, 83
What are the prime factors of 39086 + 12/4 - 10/(80/(-56))?
2, 3, 181
Let q = -90 + 87. What are the prime factors of (q/3)/(-1*(-1)/(-542))?
2, 271
Suppose -761 = 4*v - 5*i - 2011, -i = v - 308. Let a(k) = 2*k**2 + k. Let u be a(-2). Suppose 4*r = -u + v. List the prime factors of r.
2, 19
Let v(c) = 44 + 9 - 7*c + 6*c. List the prime factors of v(-6).
59
Let p be (-14)/(-3)*(-18)/(-21). Suppose 4*n + 5 = -3*c, 0*c - 5 = -p*c - 3*n. Suppose c*v + v - 402 = 0. What are the prime factors of v?
67
List the prime factors of (2894/(-4))/(50/(-3800)).
2, 19, 1447
Let c(m) = 4*m + 18. Let p(h) = -10*h - 4*h + 7*h - 29 - 7. Let n(a) = -5*c(a) - 3*p(a). What are the prime factors of n(-4)?
2, 7
Let o = 50 + -45. Suppose -o*i - 15*i = -2220. What are the prime factors of i?
3, 37
Let a be (((-405)/18)/(-15))/(1/276). Let p = a + -408. What are the prime factors of p?
2, 3
Suppose -5*r = 3*s + 20, -2 + 6 = -2*s - r. Suppose s = 5*q - 5*y - 180, -6*y + 44 = 2*q - y. W